[INFO] cloning repository https://github.com/liv-dumea/Hangman_Rust
[INFO] running `Command { std: "git" "-c" "credential.helper=" "-c" "credential.helper=/workspace/cargo-home/bin/git-credential-null" "clone" "--bare" "https://github.com/liv-dumea/Hangman_Rust" "/workspace/cache/git-repos/https%3A%2F%2Fgithub.com%2Fliv-dumea%2FHangman_Rust", kill_on_drop: false }`
[INFO] [stderr] Cloning into bare repository '/workspace/cache/git-repos/https%3A%2F%2Fgithub.com%2Fliv-dumea%2FHangman_Rust'...
[INFO] running `Command { std: "git" "rev-parse" "HEAD", kill_on_drop: false }`
[INFO] [stdout] cac89f5803731a33466c967b81a7b1162ac35a2a
[INFO] checking liv-dumea/Hangman_Rust against try#72f88fc4e9458f89516a0b8b0868f3718aec5b47 for pr-74989
[INFO] running `Command { std: "git" "clone" "/workspace/cache/git-repos/https%3A%2F%2Fgithub.com%2Fliv-dumea%2FHangman_Rust" "/workspace/builds/worker-9/source", kill_on_drop: false }`
[INFO] [stderr] Cloning into '/workspace/builds/worker-9/source'...
[INFO] [stderr] done.
[INFO] validating manifest of git repo https://github.com/liv-dumea/Hangman_Rust on toolchain 72f88fc4e9458f89516a0b8b0868f3718aec5b47
[INFO] running `Command { std: "/workspace/cargo-home/bin/cargo" "+72f88fc4e9458f89516a0b8b0868f3718aec5b47" "read-manifest" "--manifest-path" "Cargo.toml", kill_on_drop: false }`
[INFO] started tweaking git repo https://github.com/liv-dumea/Hangman_Rust
[INFO] finished tweaking git repo https://github.com/liv-dumea/Hangman_Rust
[INFO] tweaked toml for git repo https://github.com/liv-dumea/Hangman_Rust written to /workspace/builds/worker-9/source/Cargo.toml
[INFO] crate git repo https://github.com/liv-dumea/Hangman_Rust already has a lockfile, it will not be regenerated
[INFO] running `Command { std: "/workspace/cargo-home/bin/cargo" "+72f88fc4e9458f89516a0b8b0868f3718aec5b47" "fetch" "--locked" "--manifest-path" "Cargo.toml", kill_on_drop: false }`
[INFO] [stderr]     Blocking waiting for file lock on package cache
[INFO] [stderr] error: the lock file /workspace/builds/worker-9/source/Cargo.lock needs to be updated but --locked was passed to prevent this
[INFO] [stderr] If you want to try to generate the lock file without accessing the network, use the --offline flag.
[INFO] the lockfile is outdated, regenerating it
[INFO] running `Command { std: "/workspace/cargo-home/bin/cargo" "+72f88fc4e9458f89516a0b8b0868f3718aec5b47" "generate-lockfile" "--manifest-path" "Cargo.toml" "-Zno-index-update", kill_on_drop: false }`
[INFO] [stderr]     Blocking waiting for file lock on package cache
[INFO] running `Command { std: "/workspace/cargo-home/bin/cargo" "+72f88fc4e9458f89516a0b8b0868f3718aec5b47" "fetch" "--locked" "--manifest-path" "Cargo.toml", kill_on_drop: false }`
[INFO] [stderr]     Blocking waiting for file lock on package cache
[INFO] [stderr]     Blocking waiting for file lock on package cache
[INFO] [stderr]  Downloading crates ...
[INFO] [stderr]   Downloaded find_folder v0.2.0
[INFO] [stderr]   Downloaded piston2d-opengl_graphics v0.10.0
[INFO] [stderr]   Downloaded json_io v0.1.2
[INFO] [stderr]   Downloaded elmesque v0.7.0
[INFO] [stderr]   Downloaded piston2d-graphics v0.8.0
[INFO] [stderr]   Downloaded piston2d-gfx_graphics v0.8.0
[INFO] [stderr]   Downloaded piston_window v0.19.0
[INFO] running `Command { std: "docker" "create" "-v" "/var/lib/crater-agent-workspace/builds/worker-9/target:/opt/rustwide/target:rw,Z" "-v" "/var/lib/crater-agent-workspace/builds/worker-9/source:/opt/rustwide/workdir:ro,Z" "-v" "/var/lib/crater-agent-workspace/cargo-home:/opt/rustwide/cargo-home:ro,Z" "-v" "/var/lib/crater-agent-workspace/rustup-home:/opt/rustwide/rustup-home:ro,Z" "-e" "SOURCE_DIR=/opt/rustwide/workdir" "-e" "CARGO_TARGET_DIR=/opt/rustwide/target" "-e" "CARGO_HOME=/opt/rustwide/cargo-home" "-e" "RUSTUP_HOME=/opt/rustwide/rustup-home" "-w" "/opt/rustwide/workdir" "-m" "1610612736" "--user" "0:0" "--network" "none" "rustops/crates-build-env@sha256:d92eaeed33fa75130ca1ee6c8a01d1ffb62bac859dfdfb3450e3e5d1c0146529" "/opt/rustwide/cargo-home/bin/cargo" "+72f88fc4e9458f89516a0b8b0868f3718aec5b47" "metadata" "--no-deps" "--format-version=1", kill_on_drop: false }`
[INFO] [stdout] fd6b2a8ac4b3bd87757c03d5bd7b89a81e2d6431879dc8b301fbf68a47c58284
[INFO] [stderr] WARNING: Your kernel does not support swap limit capabilities or the cgroup is not mounted. Memory limited without swap.
[INFO] running `Command { std: "docker" "start" "-a" "fd6b2a8ac4b3bd87757c03d5bd7b89a81e2d6431879dc8b301fbf68a47c58284", kill_on_drop: false }`
[INFO] running `Command { std: "docker" "inspect" "fd6b2a8ac4b3bd87757c03d5bd7b89a81e2d6431879dc8b301fbf68a47c58284", kill_on_drop: false }`
[INFO] running `Command { std: "docker" "rm" "-f" "fd6b2a8ac4b3bd87757c03d5bd7b89a81e2d6431879dc8b301fbf68a47c58284", kill_on_drop: false }`
[INFO] [stdout] fd6b2a8ac4b3bd87757c03d5bd7b89a81e2d6431879dc8b301fbf68a47c58284
[INFO] running `Command { std: "docker" "create" "-v" "/var/lib/crater-agent-workspace/builds/worker-9/target:/opt/rustwide/target:rw,Z" "-v" "/var/lib/crater-agent-workspace/builds/worker-9/source:/opt/rustwide/workdir:ro,Z" "-v" "/var/lib/crater-agent-workspace/cargo-home:/opt/rustwide/cargo-home:ro,Z" "-v" "/var/lib/crater-agent-workspace/rustup-home:/opt/rustwide/rustup-home:ro,Z" "-e" "SOURCE_DIR=/opt/rustwide/workdir" "-e" "CARGO_TARGET_DIR=/opt/rustwide/target" "-e" "CARGO_INCREMENTAL=0" "-e" "RUST_BACKTRACE=full" "-e" "RUSTFLAGS=--cap-lints=forbid" "-e" "CARGO_HOME=/opt/rustwide/cargo-home" "-e" "RUSTUP_HOME=/opt/rustwide/rustup-home" "-w" "/opt/rustwide/workdir" "-m" "1610612736" "--user" "0:0" "--network" "none" "rustops/crates-build-env@sha256:d92eaeed33fa75130ca1ee6c8a01d1ffb62bac859dfdfb3450e3e5d1c0146529" "/opt/rustwide/cargo-home/bin/cargo" "+72f88fc4e9458f89516a0b8b0868f3718aec5b47" "check" "--frozen" "--all" "--all-targets" "--message-format=json", kill_on_drop: false }`
[INFO] [stdout] c791d052aae39e7747d445278b5bc7abe12d36e5d2cc0aed60138fa72e39ca3c
[INFO] [stderr] WARNING: Your kernel does not support swap limit capabilities or the cgroup is not mounted. Memory limited without swap.
[INFO] running `Command { std: "docker" "start" "-a" "c791d052aae39e7747d445278b5bc7abe12d36e5d2cc0aed60138fa72e39ca3c", kill_on_drop: false }`
[INFO] [stderr]    Compiling libc v0.2.77
[INFO] [stderr]     Checking bitflags v0.3.3
[INFO] [stderr]     Checking libc v0.1.12
[INFO] [stderr]     Checking rustc-serialize v0.3.24
[INFO] [stderr]    Compiling winapi-build v0.1.1
[INFO] [stderr]     Checking color_quant v1.0.1
[INFO] [stderr]     Checking winapi v0.2.8
[INFO] [stderr]     Checking glob v0.2.11
[INFO] [stderr]     Checking fixedbitset v0.1.9
[INFO] [stderr]     Checking find_folder v0.2.0
[INFO] [stderr]     Checking conrod v0.62.1
[INFO] [stderr]    Compiling freetype-sys v0.1.2
[INFO] [stderr]    Compiling num-traits v0.2.12
[INFO] [stderr]    Compiling num-integer v0.1.43
[INFO] [stderr]    Compiling num-iter v0.1.41
[INFO] [stderr]    Compiling libz-sys v0.1.9
[INFO] [stderr]     Checking draw_state v0.2.0
[INFO] [stderr]    Compiling xml-rs v0.1.26
[INFO] [stderr]    Compiling gl_generator v0.14.0
[INFO] [stderr]     Checking petgraph v0.1.18
[INFO] [stderr]     Checking dlib v0.1.1
[INFO] [stderr]     Checking gl_common v0.1.0
[INFO] [stderr]     Checking gif v0.5.1
[INFO] [stderr]    Compiling kernel32-sys v0.2.2
[INFO] [stdout] error: no rules expected the token `flags`
[INFO] [stdout]    --> /opt/rustwide/cargo-home/registry/src/github.com-1ecc6299db9ec823/xml-rs-0.1.26/src/writer/emitter.rs:115:5
[INFO] [stdout]     |
[INFO] [stdout] 115 |     flags IndentFlags: u8 {
[INFO] [stdout]     |     ^^^^^ no rules expected this token in macro call
[INFO] [stdout] 
[INFO] [stdout] 
[INFO] [stdout] error: `$stype:ty` may be followed by `functions`, which is not allowed for `ty` fragments
[INFO] [stdout]   --> /opt/rustwide/cargo-home/registry/src/github.com-1ecc6299db9ec823/dlib-0.1.1/src/lib.rs:39:11
[INFO] [stdout]    |
[INFO] [stdout] 39 |         $(functions: $(fn $fname: ident($($farg: ty),*) -> $fret:ty),+)|*
[INFO] [stdout]    |           ^^^^^^^^^ not allowed after `ty` fragments
[INFO] [stdout]    |
[INFO] [stdout]    = note: allowed there are: `{`, `[`, `=>`, `,`, `>`, `=`, `:`, `;`, `|`, `as` or `where`
[INFO] [stdout] 
[INFO] [stdout] 
[INFO] [stdout] error: `$stype:ty` may be followed by `varargs`, which is not allowed for `ty` fragments
[INFO] [stdout]   --> /opt/rustwide/cargo-home/registry/src/github.com-1ecc6299db9ec823/dlib-0.1.1/src/lib.rs:40:11
[INFO] [stdout]    |
[INFO] [stdout] 40 |         $(varargs: $(fn $vname: ident($($vargs: ty),+ ...) -> $vret: ty),+)|*
[INFO] [stdout]    |           ^^^^^^^ not allowed after `ty` fragments
[INFO] [stdout]    |
[INFO] [stdout]    = note: allowed there are: `{`, `[`, `=>`, `,`, `>`, `=`, `:`, `;`, `|`, `as` or `where`
[INFO] [stdout] 
[INFO] [stdout] 
[INFO] [stdout] error: `$fret:ty` may be followed by `varargs`, which is not allowed for `ty` fragments
[INFO] [stdout]   --> /opt/rustwide/cargo-home/registry/src/github.com-1ecc6299db9ec823/dlib-0.1.1/src/lib.rs:40:11
[INFO] [stdout]    |
[INFO] [stdout] 40 |         $(varargs: $(fn $vname: ident($($vargs: ty),+ ...) -> $vret: ty),+)|*
[INFO] [stdout]    |           ^^^^^^^ not allowed after `ty` fragments
[INFO] [stdout]    |
[INFO] [stdout]    = note: allowed there are: `{`, `[`, `=>`, `,`, `>`, `=`, `:`, `;`, `|`, `as` or `where`
[INFO] [stdout] 
[INFO] [stdout] 
[INFO] [stdout] error: `$vargs:ty` may be followed by `...`, which is not allowed for `ty` fragments
[INFO] [stdout]   --> /opt/rustwide/cargo-home/registry/src/github.com-1ecc6299db9ec823/dlib-0.1.1/src/lib.rs:40:55
[INFO] [stdout]    |
[INFO] [stdout] 40 |         $(varargs: $(fn $vname: ident($($vargs: ty),+ ...) -> $vret: ty),+)|*
[INFO] [stdout]    |                                                       ^^^ not allowed after `ty` fragments
[INFO] [stdout]    |
[INFO] [stdout]    = note: allowed there are: `{`, `[`, `=>`, `,`, `>`, `=`, `:`, `;`, `|`, `as` or `where`
[INFO] [stdout] 
[INFO] [stdout] 
[INFO] [stdout] error: `$stype:ty` may be followed by `functions`, which is not allowed for `ty` fragments
[INFO] [stdout]   --> /opt/rustwide/cargo-home/registry/src/github.com-1ecc6299db9ec823/dlib-0.1.1/src/lib.rs:66:11
[INFO] [stdout]    |
[INFO] [stdout] 66 |         $(functions: $(fn $fname: ident($($farg: ty),*) -> $fret:ty),+)|*
[INFO] [stdout]    |           ^^^^^^^^^ not allowed after `ty` fragments
[INFO] [stdout]    |
[INFO] [stdout]    = note: allowed there are: `{`, `[`, `=>`, `,`, `>`, `=`, `:`, `;`, `|`, `as` or `where`
[INFO] [stdout] 
[INFO] [stdout] 
[INFO] [stdout] error: `$stype:ty` may be followed by `varargs`, which is not allowed for `ty` fragments
[INFO] [stdout]   --> /opt/rustwide/cargo-home/registry/src/github.com-1ecc6299db9ec823/dlib-0.1.1/src/lib.rs:67:11
[INFO] [stdout]    |
[INFO] [stdout] 67 |         $(varargs: $(fn $vname: ident($($vargs: ty),+ ...) -> $vret: ty),+)|*
[INFO] [stdout]    |           ^^^^^^^ not allowed after `ty` fragments
[INFO] [stdout]    |
[INFO] [stdout]    = note: allowed there are: `{`, `[`, `=>`, `,`, `>`, `=`, `:`, `;`, `|`, `as` or `where`
[INFO] [stdout] 
[INFO] [stdout] 
[INFO] [stdout] error: `$fret:ty` may be followed by `varargs`, which is not allowed for `ty` fragments
[INFO] [stdout]   --> /opt/rustwide/cargo-home/registry/src/github.com-1ecc6299db9ec823/dlib-0.1.1/src/lib.rs:67:11
[INFO] [stdout]    |
[INFO] [stdout] 67 |         $(varargs: $(fn $vname: ident($($vargs: ty),+ ...) -> $vret: ty),+)|*
[INFO] [stdout]    |           ^^^^^^^ not allowed after `ty` fragments
[INFO] [stdout]    |
[INFO] [stdout]    = note: allowed there are: `{`, `[`, `=>`, `,`, `>`, `=`, `:`, `;`, `|`, `as` or `where`
[INFO] [stdout] 
[INFO] [stdout] 
[INFO] [stdout] error: `$vargs:ty` may be followed by `...`, which is not allowed for `ty` fragments
[INFO] [stdout]   --> /opt/rustwide/cargo-home/registry/src/github.com-1ecc6299db9ec823/dlib-0.1.1/src/lib.rs:67:55
[INFO] [stdout]    |
[INFO] [stdout] 67 |         $(varargs: $(fn $vname: ident($($vargs: ty),+ ...) -> $vret: ty),+)|*
[INFO] [stdout]    |                                                       ^^^ not allowed after `ty` fragments
[INFO] [stdout]    |
[INFO] [stdout]    = note: allowed there are: `{`, `[`, `=>`, `,`, `>`, `=`, `:`, `;`, `|`, `as` or `where`
[INFO] [stdout] 
[INFO] [stdout] 
[INFO] [stdout] error: `$stype:ty` may be followed by `functions`, which is not allowed for `ty` fragments
[INFO] [stdout]   --> /opt/rustwide/cargo-home/registry/src/github.com-1ecc6299db9ec823/dlib-0.1.1/src/lib.rs:83:11
[INFO] [stdout]    |
[INFO] [stdout] 83 |         $(functions: $(fn $fname: ident($($farg: ty),*) -> $fret:ty),+)|*
[INFO] [stdout]    |           ^^^^^^^^^ not allowed after `ty` fragments
[INFO] [stdout]    |
[INFO] [stdout]    = note: allowed there are: `{`, `[`, `=>`, `,`, `>`, `=`, `:`, `;`, `|`, `as` or `where`
[INFO] [stdout] 
[INFO] [stdout] 
[INFO] [stdout] error: `$stype:ty` may be followed by `varargs`, which is not allowed for `ty` fragments
[INFO] [stdout]   --> /opt/rustwide/cargo-home/registry/src/github.com-1ecc6299db9ec823/dlib-0.1.1/src/lib.rs:84:11
[INFO] [stdout]    |
[INFO] [stdout] 84 |         $(varargs: $(fn $vname: ident($($vargs: ty),+ ...) -> $vret: ty),+)|*
[INFO] [stdout]    |           ^^^^^^^ not allowed after `ty` fragments
[INFO] [stdout]    |
[INFO] [stdout]    = note: allowed there are: `{`, `[`, `=>`, `,`, `>`, `=`, `:`, `;`, `|`, `as` or `where`
[INFO] [stdout] 
[INFO] [stdout] 
[INFO] [stdout] error: `$fret:ty` may be followed by `varargs`, which is not allowed for `ty` fragments
[INFO] [stdout]   --> /opt/rustwide/cargo-home/registry/src/github.com-1ecc6299db9ec823/dlib-0.1.1/src/lib.rs:84:11
[INFO] [stdout]    |
[INFO] [stdout] 84 |         $(varargs: $(fn $vname: ident($($vargs: ty),+ ...) -> $vret: ty),+)|*
[INFO] [stdout]    |           ^^^^^^^ not allowed after `ty` fragments
[INFO] [stdout]    |
[INFO] [stdout]    = note: allowed there are: `{`, `[`, `=>`, `,`, `>`, `=`, `:`, `;`, `|`, `as` or `where`
[INFO] [stdout] 
[INFO] [stdout] 
[INFO] [stdout] error: `$vargs:ty` may be followed by `...`, which is not allowed for `ty` fragments
[INFO] [stdout]   --> /opt/rustwide/cargo-home/registry/src/github.com-1ecc6299db9ec823/dlib-0.1.1/src/lib.rs:84:55
[INFO] [stdout]    |
[INFO] [stdout] 84 |         $(varargs: $(fn $vname: ident($($vargs: ty),+ ...) -> $vret: ty),+)|*
[INFO] [stdout]    |                                                       ^^^ not allowed after `ty` fragments
[INFO] [stdout]    |
[INFO] [stdout]    = note: allowed there are: `{`, `[`, `=>`, `,`, `>`, `=`, `:`, `;`, `|`, `as` or `where`
[INFO] [stdout] 
[INFO] [stdout] 
[INFO] [stdout] error: `$stype:ty` may be followed by `functions`, which is not allowed for `ty` fragments
[INFO] [stdout]    --> /opt/rustwide/cargo-home/registry/src/github.com-1ecc6299db9ec823/dlib-0.1.1/src/lib.rs:134:11
[INFO] [stdout]     |
[INFO] [stdout] 134 |         $(functions: $(fn $fname: ident($($farg: ty),*) -> $fret:ty),+)|*
[INFO] [stdout]     |           ^^^^^^^^^ not allowed after `ty` fragments
[INFO] [stdout]     |
[INFO] [stdout]     = note: allowed there are: `{`, `[`, `=>`, `,`, `>`, `=`, `:`, `;`, `|`, `as` or `where`
[INFO] [stdout] 
[INFO] [stdout] 
[INFO] [stdout] error: `$stype:ty` may be followed by `varargs`, which is not allowed for `ty` fragments
[INFO] [stdout]    --> /opt/rustwide/cargo-home/registry/src/github.com-1ecc6299db9ec823/dlib-0.1.1/src/lib.rs:135:11
[INFO] [stdout]     |
[INFO] [stdout] 135 |         $(varargs: $(fn $vname: ident($($vargs: ty),+ ...) -> $vret: ty),+)|*
[INFO] [stdout]     |           ^^^^^^^ not allowed after `ty` fragments
[INFO] [stdout]     |
[INFO] [stdout]     = note: allowed there are: `{`, `[`, `=>`, `,`, `>`, `=`, `:`, `;`, `|`, `as` or `where`
[INFO] [stdout] 
[INFO] [stdout] 
[INFO] [stdout] error: `$fret:ty` may be followed by `varargs`, which is not allowed for `ty` fragments
[INFO] [stdout]    --> /opt/rustwide/cargo-home/registry/src/github.com-1ecc6299db9ec823/dlib-0.1.1/src/lib.rs:135:11
[INFO] [stdout]     |
[INFO] [stdout] 135 |         $(varargs: $(fn $vname: ident($($vargs: ty),+ ...) -> $vret: ty),+)|*
[INFO] [stdout]     |           ^^^^^^^ not allowed after `ty` fragments
[INFO] [stdout]     |
[INFO] [stdout]     = note: allowed there are: `{`, `[`, `=>`, `,`, `>`, `=`, `:`, `;`, `|`, `as` or `where`
[INFO] [stdout] 
[INFO] [stdout] 
[INFO] [stdout] error: `$vargs:ty` may be followed by `...`, which is not allowed for `ty` fragments
[INFO] [stdout]    --> /opt/rustwide/cargo-home/registry/src/github.com-1ecc6299db9ec823/dlib-0.1.1/src/lib.rs:135:55
[INFO] [stdout]     |
[INFO] [stdout] 135 |         $(varargs: $(fn $vname: ident($($vargs: ty),+ ...) -> $vret: ty),+)|*
[INFO] [stdout]     |                                                       ^^^ not allowed after `ty` fragments
[INFO] [stdout]     |
[INFO] [stdout]     = note: allowed there are: `{`, `[`, `=>`, `,`, `>`, `=`, `:`, `;`, `|`, `as` or `where`
[INFO] [stdout] 
[INFO] [stdout] 
[INFO] [stdout] error: `$stype:ty` may be followed by `functions`, which is not allowed for `ty` fragments
[INFO] [stdout]    --> /opt/rustwide/cargo-home/registry/src/github.com-1ecc6299db9ec823/dlib-0.1.1/src/lib.rs:172:11
[INFO] [stdout]     |
[INFO] [stdout] 172 |         $(functions: $(fn $fname: ident($($farg: ty),*) -> $fret:ty),+)|*
[INFO] [stdout]     |           ^^^^^^^^^ not allowed after `ty` fragments
[INFO] [stdout]     |
[INFO] [stdout]     = note: allowed there are: `{`, `[`, `=>`, `,`, `>`, `=`, `:`, `;`, `|`, `as` or `where`
[INFO] [stdout] 
[INFO] [stdout] 
[INFO] [stdout] error: `$stype:ty` may be followed by `varargs`, which is not allowed for `ty` fragments
[INFO] [stdout]    --> /opt/rustwide/cargo-home/registry/src/github.com-1ecc6299db9ec823/dlib-0.1.1/src/lib.rs:173:11
[INFO] [stdout]     |
[INFO] [stdout] 173 |         $(varargs: $(fn $vname: ident($($vargs: ty),+ ...) -> $vret: ty),+)|*
[INFO] [stdout]     |           ^^^^^^^ not allowed after `ty` fragments
[INFO] [stdout]     |
[INFO] [stdout]     = note: allowed there are: `{`, `[`, `=>`, `,`, `>`, `=`, `:`, `;`, `|`, `as` or `where`
[INFO] [stdout] 
[INFO] [stdout] 
[INFO] [stdout] error: `$fret:ty` may be followed by `varargs`, which is not allowed for `ty` fragments
[INFO] [stdout]    --> /opt/rustwide/cargo-home/registry/src/github.com-1ecc6299db9ec823/dlib-0.1.1/src/lib.rs:173:11
[INFO] [stdout]     |
[INFO] [stdout] 173 |         $(varargs: $(fn $vname: ident($($vargs: ty),+ ...) -> $vret: ty),+)|*
[INFO] [stdout]     |           ^^^^^^^ not allowed after `ty` fragments
[INFO] [stdout]     |
[INFO] [stdout]     = note: allowed there are: `{`, `[`, `=>`, `,`, `>`, `=`, `:`, `;`, `|`, `as` or `where`
[INFO] [stdout] 
[INFO] [stdout] 
[INFO] [stdout] error: `$vargs:ty` may be followed by `...`, which is not allowed for `ty` fragments
[INFO] [stdout]    --> /opt/rustwide/cargo-home/registry/src/github.com-1ecc6299db9ec823/dlib-0.1.1/src/lib.rs:173:55
[INFO] [stdout]     |
[INFO] [stdout] 173 |         $(varargs: $(fn $vname: ident($($vargs: ty),+ ...) -> $vret: ty),+)|*
[INFO] [stdout]     |                                                       ^^^ not allowed after `ty` fragments
[INFO] [stdout]     |
[INFO] [stdout]     = note: allowed there are: `{`, `[`, `=>`, `,`, `>`, `=`, `:`, `;`, `|`, `as` or `where`
[INFO] [stdout] 
[INFO] [stdout] 
[INFO] [stdout] error: aborting due to 20 previous errors
[INFO] [stdout] 
[INFO] [stdout] 
[INFO] [stderr] error: could not compile `dlib`.
[INFO] [stderr] 
[INFO] [stderr] To learn more, run the command again with --verbose.
[INFO] [stderr] warning: build failed, waiting for other jobs to finish...
[INFO] [stdout] error[E0433]: failed to resolve: use of undeclared type or module `IndentFlags`
[INFO] [stdout]   --> /opt/rustwide/cargo-home/registry/src/github.com-1ecc6299db9ec823/xml-rs-0.1.26/src/writer/emitter.rs:77:32
[INFO] [stdout]    |
[INFO] [stdout] 77 |             indent_stack: vec!(IndentFlags::empty()),
[INFO] [stdout]    |                                ^^^^^^^^^^^ use of undeclared type or module `IndentFlags`
[INFO] [stdout] 
[INFO] [stdout] 
[INFO] [stdout] error[E0412]: cannot find type `IndentFlags` in this scope
[INFO] [stdout]   --> /opt/rustwide/cargo-home/registry/src/github.com-1ecc6299db9ec823/xml-rs-0.1.26/src/writer/emitter.rs:64:23
[INFO] [stdout]    |
[INFO] [stdout] 58 | pub struct Emitter {
[INFO] [stdout]    |                   - help: you might be missing a type parameter: `<IndentFlags>`
[INFO] [stdout] ...
[INFO] [stdout] 64 |     indent_stack: Vec<IndentFlags>,
[INFO] [stdout]    |                       ^^^^^^^^^^^ not found in this scope
[INFO] [stdout] 
[INFO] [stdout] 
[INFO] [stdout] error[E0425]: cannot find value `WROTE_TEXT` in this scope
[INFO] [stdout]    --> /opt/rustwide/cargo-home/registry/src/github.com-1ecc6299db9ec823/xml-rs-0.1.26/src/writer/emitter.rs:131:52
[INFO] [stdout]     |
[INFO] [stdout] 131 |         self.indent_stack.last().unwrap().contains(WROTE_TEXT)
[INFO] [stdout]     |                                                    ^^^^^^^^^^ not found in this scope
[INFO] [stdout] 
[INFO] [stdout] 
[INFO] [stdout] error[E0425]: cannot find value `WROTE_MARKUP` in this scope
[INFO] [stdout]    --> /opt/rustwide/cargo-home/registry/src/github.com-1ecc6299db9ec823/xml-rs-0.1.26/src/writer/emitter.rs:136:52
[INFO] [stdout]     |
[INFO] [stdout] 136 |         self.indent_stack.last().unwrap().contains(WROTE_MARKUP)
[INFO] [stdout]     |                                                    ^^^^^^^^^^^^ not found in this scope
[INFO] [stdout] 
[INFO] [stdout] 
[INFO] [stdout] error[E0425]: cannot find value `WROTE_TEXT` in this scope
[INFO] [stdout]    --> /opt/rustwide/cargo-home/registry/src/github.com-1ecc6299db9ec823/xml-rs-0.1.26/src/writer/emitter.rs:141:50
[INFO] [stdout]     |
[INFO] [stdout] 141 |         *self.indent_stack.last_mut().unwrap() = WROTE_TEXT;
[INFO] [stdout]     |                                                  ^^^^^^^^^^ not found in this scope
[INFO] [stdout] 
[INFO] [stdout] 
[INFO] [stdout] error[E0425]: cannot find value `WROTE_MARKUP` in this scope
[INFO] [stdout]    --> /opt/rustwide/cargo-home/registry/src/github.com-1ecc6299db9ec823/xml-rs-0.1.26/src/writer/emitter.rs:146:50
[INFO] [stdout]     |
[INFO] [stdout] 146 |         *self.indent_stack.last_mut().unwrap() = WROTE_MARKUP;
[INFO] [stdout]     |                                                  ^^^^^^^^^^^^ not found in this scope
[INFO] [stdout] 
[INFO] [stdout] 
[INFO] [stdout] error[E0425]: cannot find value `WROTE_NOTHING` in this scope
[INFO] [stdout]    --> /opt/rustwide/cargo-home/registry/src/github.com-1ecc6299db9ec823/xml-rs-0.1.26/src/writer/emitter.rs:151:50
[INFO] [stdout]     |
[INFO] [stdout] 151 |         *self.indent_stack.last_mut().unwrap() = WROTE_NOTHING;
[INFO] [stdout]     |                                                  ^^^^^^^^^^^^^ not found in this scope
[INFO] [stdout] 
[INFO] [stdout] 
[INFO] [stdout] error[E0425]: cannot find value `WROTE_NOTHING` in this scope
[INFO] [stdout]    --> /opt/rustwide/cargo-home/registry/src/github.com-1ecc6299db9ec823/xml-rs-0.1.26/src/writer/emitter.rs:179:32
[INFO] [stdout]     |
[INFO] [stdout] 179 |         self.indent_stack.push(WROTE_NOTHING);
[INFO] [stdout]     |                                ^^^^^^^^^^^^^ not found in this scope
[INFO] [stdout] 
[INFO] [stdout] 
[INFO] [stdout] error[E0034]: multiple applicable items in scope
[INFO] [stdout]    --> /opt/rustwide/cargo-home/registry/src/github.com-1ecc6299db9ec823/petgraph-0.1.18/src/graph.rs:404:21
[INFO] [stdout]     |
[INFO] [stdout] 404 |         assert!(Ix::max().index() == !0 || NodeIndex::end() != node_idx);
[INFO] [stdout]     |                     ^^^ multiple `max` found
[INFO] [stdout]     |
[INFO] [stdout] note: candidate #1 is defined in the trait `IndexType`
[INFO] [stdout]    --> /opt/rustwide/cargo-home/registry/src/github.com-1ecc6299db9ec823/petgraph-0.1.18/src/graph.rs:28:5
[INFO] [stdout]     |
[INFO] [stdout] 28  |     fn max() -> Self;
[INFO] [stdout]     |     ^^^^^^^^^^^^^^^^^
[INFO] [stdout] note: candidate #2 is defined in the trait `Ord`
[INFO] [stdout] help: disambiguate the associated function for candidate #1
[INFO] [stdout]     |
[INFO] [stdout] 404 |         assert!(IndexType::max().index() == !0 || NodeIndex::end() != node_idx);
[INFO] [stdout]     |                 ^^^^^^^^^^^^^^
[INFO] [stdout] help: disambiguate the associated function for candidate #2
[INFO] [stdout]     |
[INFO] [stdout] 404 |         assert!(Ord::max().index() == !0 || NodeIndex::end() != node_idx);
[INFO] [stdout]     |                 ^^^^^^^^
[INFO] [stdout] 
[INFO] [stdout] 
[INFO] [stdout] error: aborting due to 9 previous errors
[INFO] [stdout] 
[INFO] [stdout] 
[INFO] [stdout] Some errors have detailed explanations: E0412, E0425, E0433.
[INFO] [stdout] 
[INFO] [stdout] For more information about an error, try `rustc --explain E0412`.
[INFO] [stdout] 
[INFO] [stdout] error[E0308]: mismatched types
[INFO] [stdout]    --> /opt/rustwide/cargo-home/registry/src/github.com-1ecc6299db9ec823/petgraph-0.1.18/src/graph.rs:404:38
[INFO] [stdout]     |
[INFO] [stdout] 352 | impl<N, E, Ty=Directed, Ix=DefIndex> Graph<N, E, Ty, Ix>
[INFO] [stdout]     |                         -- this type parameter
[INFO] [stdout] ...
[INFO] [stdout] 404 |         assert!(Ix::max().index() == !0 || NodeIndex::end() != node_idx);
[INFO] [stdout]     |                                      ^^ expected type parameter `Ix`, found integer
[INFO] [stdout]     |
[INFO] [stdout]     = note: expected type parameter `Ix`
[INFO] [stdout]                          found type `{integer}`
[INFO] [stdout] 
[INFO] [stdout] 
[INFO] [stdout] error[E0034]: multiple applicable items in scope
[INFO] [stdout]    --> /opt/rustwide/cargo-home/registry/src/github.com-1ecc6299db9ec823/petgraph-0.1.18/src/graph.rs:438:21
[INFO] [stdout]     |
[INFO] [stdout] 438 |         assert!(Ix::max().index() == !0 || EdgeIndex::end() != edge_idx);
[INFO] [stdout]     |                     ^^^ multiple `max` found
[INFO] [stdout]     |
[INFO] [stdout] note: candidate #1 is defined in the trait `IndexType`
[INFO] [stdout]    --> /opt/rustwide/cargo-home/registry/src/github.com-1ecc6299db9ec823/petgraph-0.1.18/src/graph.rs:28:5
[INFO] [stdout]     |
[INFO] [stdout] 28  |     fn max() -> Self;
[INFO] [stdout]     |     ^^^^^^^^^^^^^^^^^
[INFO] [stdout] note: candidate #2 is defined in the trait `Ord`
[INFO] [stdout] help: disambiguate the associated function for candidate #1
[INFO] [stdout]     |
[INFO] [stdout] 438 |         assert!(IndexType::max().index() == !0 || EdgeIndex::end() != edge_idx);
[INFO] [stdout]     |                 ^^^^^^^^^^^^^^
[INFO] [stdout] help: disambiguate the associated function for candidate #2
[INFO] [stdout]     |
[INFO] [stdout] 438 |         assert!(Ord::max().index() == !0 || EdgeIndex::end() != edge_idx);
[INFO] [stdout]     |                 ^^^^^^^^
[INFO] [stdout] 
[INFO] [stdout] 
[INFO] [stdout] error[E0308]: mismatched types
[INFO] [stdout]    --> /opt/rustwide/cargo-home/registry/src/github.com-1ecc6299db9ec823/petgraph-0.1.18/src/graph.rs:438:38
[INFO] [stdout]     |
[INFO] [stdout] 352 | impl<N, E, Ty=Directed, Ix=DefIndex> Graph<N, E, Ty, Ix>
[INFO] [stdout]     |                         -- this type parameter
[INFO] [stdout] ...
[INFO] [stdout] 438 |         assert!(Ix::max().index() == !0 || EdgeIndex::end() != edge_idx);
[INFO] [stdout]     |                                      ^^ expected type parameter `Ix`, found integer
[INFO] [stdout]     |
[INFO] [stdout]     = note: expected type parameter `Ix`
[INFO] [stdout]                          found type `{integer}`
[INFO] [stdout] 
[INFO] [stdout] 
[INFO] [stdout] error: aborting due to 4 previous errors
[INFO] [stdout] 
[INFO] [stdout] 
[INFO] [stdout] Some errors have detailed explanations: E0034, E0308.
[INFO] [stdout] 
[INFO] [stdout] For more information about an error, try `rustc --explain E0034`.
[INFO] [stdout] 
[INFO] [stderr] error: build failed
[INFO] running `Command { std: "docker" "inspect" "c791d052aae39e7747d445278b5bc7abe12d36e5d2cc0aed60138fa72e39ca3c", kill_on_drop: false }`
[INFO] running `Command { std: "docker" "rm" "-f" "c791d052aae39e7747d445278b5bc7abe12d36e5d2cc0aed60138fa72e39ca3c", kill_on_drop: false }`
[INFO] [stdout] c791d052aae39e7747d445278b5bc7abe12d36e5d2cc0aed60138fa72e39ca3c
